ose -3*o + 277 = 4*b + d, -o = 2*b - 87. What are the prime factors of o?
89
Let y be (9/4)/((18/976)/(-3)). Let c = y + 551. List the prime factors of c.
5, 37
Let w = 6 + -5. Suppose -p = 3 + w. List the prime factors of (-94)/p + 3/2.
5
Let w(s) = s**3 - 9*s**2 - 9*s - 9. Let i be w(10). List the prime factors of 0/(-4 - i) - -49.
7
Let x(g) = g - 1. Let y(j) = 36*j - 3. Let s(q) = -5*x(q) + y(q). Suppose 0*a - 4*n + 16 = 4*a, -4*a - 5*n = -19. List the prime factors of s(a).
3, 11
Let b(a) = 2 - a**2 - a**2 - 4 - a + 3. Let n be b(1). What are the prime factors of (26 - -3)*n/(-2)?
29
List the prime factors of (-2 - (0 - 1))/((-4)/2596).
11, 59
Let w = -92 - -90. List the prime factors of w/((-340)/332 + 1).
83
Let s be 3443/(-99) - (-4)/(-18). Suppose 20 + 33 = -u. Let h = s - u. List the prime factors of h.
2, 3
Suppose -10 = -v - 1. Suppose -v*f + 4*f + 405 = 0. What are the prime factors of f?
3
Let y = 59 - 65. Let u(a) = 4*a**2 + 2*a - 8. List the prime factors of u(y).
2, 31
Let h(v) = 29*v**2 + 34*v - 145. What are the prime factors of h(5)?
2, 3, 5
List the prime factors of (-221)/(-2) + 69/46.
2, 7
Suppose -b = -0*b + 81. Let v = -30 - b. What are the prime factors of v?
3, 17
Let m be (-5)/5*-1*-2. What are the prime factors of (-91 - (3 - 4))/m?
3, 5
Let o(c) = 7*c + 8. Let d be o(4). Let r be (2 - 1)*(4 - 1). Suppose -5*l + d = -r*l. What are the prime factors of l?
2, 3
Let p = 6 + -5. Let c = p + 13. List the prime factors of (-1015)/(-49) - (-4)/c.
3, 7
Let t(p) be the first derivative of 24*p**2 - 70*p + 24. What are the prime factors of t(7)?
2, 7, 19
Suppose -5 = t - 25. Let g = t + -5. List the prime factors of g.
3, 5
Suppose -7*v + 5*v - 4*c = -1644, 0 = -v + 5*c + 857. What are the prime factors of v?
2, 13
Let z(a) = 2*a**2 - 3*a + 12. Suppose -d - 21 = -4*d. Let b be z(d). Suppose -3*m + b = f, 7*m - 124 = 3*m + 4*f. List the prime factors of m.
2, 3, 5
Suppose -31 + 186 = 5*k. Let a = k - 14. List the prime factors of a.
17
Let f(a) = -a**2 - 3*a - 15. Let c be f(0). Let r(i) = i**3 + 17*i**2 + 6*i - 32. List the prime factors of r(c).
2, 41
Suppose -8311 = -3*r + z, 6*z + 11072 = 7*r - 3*r. List the prime factors of r.
17, 163
Let v(r) be the first derivative of 3*r**4/4 - 5*r**3/3 + 3*r**2/2 + r - 1. Let x be ((-68)/51)/((-8)/18). List the prime factors of v(x).
2, 23
List the prime factors of ((-276)/(-16))/(-2 + (-38)/(-16)).
2, 23
Let d(i) = -4*i + 4. Suppose -8 = -g - g. Let w be d(g). Let v(r) = -3*r + 2. What are the prime factors of v(w)?
2, 19
Let m be (-88)/(-22)*(-2)/(-4). Suppose -4*j - w + 911 = -m*w, -3 = w. What are the prime factors of j?
227
Let d = -2 + 4. Suppose 54 + 112 = d*q. What are the prime factors of q?
83
Let l(x) be the second derivative of 1/20*x**5 - 2*x**3 + 0 + 5*x + 7/12*x**4 - 3*x**2. List the prime factors of l(-8).
2, 13
Let m = 5630 - 2082. What are the prime factors of m?
2, 887
Let g(q) = 8*q**2 - 25*q - 26. What are the prime factors of g(12)?
2, 7, 59
Let a be (6 + 4)/(-5) + -1. Let c(v) = -30*v - 12. List the prime factors of c(a).
2, 3, 13
Let o(k) = -k**3 - 15*k**2 - 15*k - 10. Let d be o(-14). Suppose -3*g = -4*q - 62, 0*q = -d*g + 2*q + 96. What are the prime factors of g?
2, 13
Suppose -5*c - 212 = -4*p, -5*p + 266 = -c + 1. Let w = 638 + -642. List the prime factors of p/((-1)/4*w).
53
Let l(q) be the second derivative of q**5/20 - 5*q**4/12 - 5*q**3/3 - q**2/2 + 3*q. What are the prime factors of l(8)?
3, 37
List the prime factors of 3354/8 + 4 + (-12)/(-16).
2, 53
Suppose b + 3*h = 267, 0*b + b - 237 = 3*h. What are the prime factors of b?
2, 3, 7
Suppose a - 1139 = 688. What are the prime factors of a?
3, 7, 29
Let s(w) = -w**3 - 2*w**2 + 6*w + 6. Let n be s(-3). Let z = -16 - n. Let b = 17 - z. List the prime factors of b.
2, 3, 5
Let i = -34 - -60. Let s be 2/7 - i/(-7). List the prime factors of (2*1)/(s/24).
2, 3
Let k(x) be the first derivative of x**3/3 + 2*x**2 + 3*x - 15. List the prime factors of k(-4).
3
Let c = -27 - -38. Let w be c/((4/(-6))/(-2)). Suppose -4*l + 5*l - w = 0. List the prime factors of l.
3, 11
Let v be (-3)/15 + 32/10. Suppose -113 - 1303 = -4*n - 4*p, -v*n + 3*p + 1056 = 0. What are the prime factors of n?
353
Let t(r) = 6*r - 39. Let p be t(8). Let s(x) be the first derivative of 2*x**2 - 5*x + 2. List the prime factors of s(p).
31
Suppose 3*a - 5*a = -4. Suppose 66 = -0*g + a*g. Let v = -9 + g. List the prime factors of v.
2, 3
Let m = 935 - 664. What are the prime factors of m?
271
Let y(s) = 13*s + 22. Let l be y(-3). Let j(h) = h**2 - h - 9. What are the prime factors of j(l)?
3, 11
List the prime factors of 1019 + -3 + 8/(16/6).
1019
Let a(k) = k**3 - 4*k**2 + 4*k - 9. Let b be a(4). Let n be (-19)/5 - b/35. What are the prime factors of 489/15 - n/10?
3, 11
Let a(k) = k**2 - 174. List the prime factors of a(30).
2, 3, 11
Suppose -q = 5*o - 2778, -1 + 5 = -2*q. What are the prime factors of o?
2, 139
Let l = 140 - -467. List the prime factors of l.
607
Suppose 0*p = -4*p + 16. Suppose -2*h = w + 8, p*h = 2*w + 2*h - 2. What are the prime factors of (-12)/(-3)*5 + w?
2, 3
Let w = 32 - 15. List the prime factors of (-9045)/(-153) - 2/w.
59
Let b(y) = 8*y**2 - 2 - 3*y - 5*y**2 - 8*y - y**2. List the prime factors of b(8).
2, 19
Let o(i) = 50*i + 13. Let r be o(4). Suppose -r = -5*g + 2*n, 0 = -3*g + 3*n + 126. What are the prime factors of g?
43
Let y(r) = 20*r**2 - 82*r + 2. What are the prime factors of y(9)?
2, 13, 17
Suppose -3*l = -3*d + 2007, -3792 = -5*d + 3*l - 443. List the prime factors of d.
11, 61
Let d = 58 - 77. Let h = 49 - d. What are the prime factors of h?
2, 17
Let q = -1287 + 2564. What are the prime factors of q?
1277
Let s be (1 - 1) + (-4 - -13)/(-3). What are the prime factors of (-9)/s + (-1 - -137)?
139
Let s = 5 - 3. Suppose -w - 1 - 2 = -s*n, 2*w - 4 = -n. Suppose 33 = n*l + l. What are the prime factors of l?
11
Let w be (-1)/(-3) - 227/(-3). Let n = 21 - 17. What are the prime factors of 1*n/(16/w)?
19
List the prime factors of -571*(27 - 22 - (7 - 1)).
571
List the prime factors of 5 + (-13)/(52/(-7868)).
2, 17, 29
Suppose 38*b + 85*b = 479331. List the prime factors of b.
3, 433
What are the prime factors of 17/(4 + 135/(-35))?
7, 17
Let h = 2 - 18. Let o = h - -16. Suppose 2*k - 43 - 25 = o. What are the prime factors of k?
2, 17
Let f(m) = 2*m + 6. Let w be f(-8). Let h be ((-36)/(-10))/((-2)/w). Suppose 0 = z - h - 3. What are the prime factors of z?
3, 7
Let u(h) = 60*h. Let d(l) = l. Let q(o) = -20*d(o) + u(o). Let y(k) = -k**2 - 3*k - 1. Let m be y(-1). What are the prime factors of q(m)?
2, 5
What are the prime factors of (-21)/(4722/(-1344) - (-14)/4)?
2, 7
Suppose 2*v = -3*v - 4*a + 666, 4*v = 4*a + 540. Suppose 2*m - 4*m = -v. What are the prime factors of m?
67
Let j = 912 - 613. Suppose -j = -7*u + 1150. What are the prime factors of u?
3, 23
Suppose 176*k - 179*k + 3*d = -450, 5*k - 729 = -2*d. What are the prime factors of k?
3, 7
Let r be ((-1)/(-3))/(7/273). Let u = -8 + r. Suppose -u*a + o = -12, -5*a - 2*o + 13 = -8. What are the prime factors of a?
3
What are the prime factors of 93*(-5 + 6)*4?
2, 3, 31
Let m = 160 - -102. What are the prime factors of m?
2, 131
List the prime factors of (-1*2)/((-130)/6695).
103
Let q be (0 - 3/3) + 1. Suppose q = -9*t + 1070 + 226. What are the prime factors of t?
2, 3
Let d(v) = -22*v - 62. List the prime factors of d(-25).
2, 61
Suppose z - 3*v = 6, -z + 6 = -0*z + 5*v. List the prime factors of z.
2, 3
Let h = 6 + 434. List the prime factors of h.
2, 5, 11
What are the prime factors of (-5)/(15/(-207))*696/72?
23, 29
Let t = -4246 - -2227. What are the prime factors of t/(-33) + 12/(-66)?
61
Let h = 59 + -44. What are the prime factors of h?
3, 5
Let s be (-1 - (-4)/4) + 4. Suppose s*v - 603 = 785. Suppose 5*z - 3*c + 114 - v = 0, 3*c - 43 = -z. List the prime factors of z.
2, 23
Suppose 10563 = -71*a + 132612. What are the prime factors of a?
3, 191
Let x = -640 - -1221. List the prime factors of x.
7, 83
Let z = 97 + -32. Let t = -40 + z. What are the prime factors of t?
5
Let u = 594 - 208. What are the prime factors of u?
2, 193
Let k = -10 + 11. What are the prime factors of -1 + k + -3*720/(-27)?
2, 5
Let r(c) = 12*c**2 - 77*c - 1